21
Let f(v) be the second derivative of -v**5/20 - 25*v**4/12 + 5*v**3 + 111*v**2/2 + 3*v + 315. Calculate f(-26).
7
Suppose 0 = c - h - 11, -5*h = c + 11 + 2. Suppose 14*a = -c + 63. Let w(l) = 3*l - 2. What is w(a)?
10
Let i(c) be the second derivative of -10*c**3/3 - 6*c**2 - 1978*c. Determine i(1).
-32
Let y(s) = -42*s + 120. Suppose -2*n + 1 = 6*j - 15, -5*n + 1 = 2*j. What is y(j)?
-6
Suppose -5*r + 4*i + 34 = 0, 2*i = 9*r - 12*r + 38. Let g(s) = -2*s**2 + 22*s - 22. Let y be g(r). Let b(a) = -9*a - 15. Give b(y).
3
Let c(s) = -s**3 + 6*s**2 - 6*s + 4. Let m be 12/3 - 18/(-3). Let t be m + (2 - (1 + 5)). Give c(t).
-32
Let i(g) = 3*g**2 + g - 2. Let x be -4 - (5 + -4 - -5). Let t be 5/20*x - (-6)/12. What is i(t)?
8
Let u(d) = -d**3 + 5*d**2 + 7*d - 4. Let c be u(6). Let h(s) = -24 - 3*s - 7 - 8 + 40 + 3*s**2. What is h(c)?
7
Suppose 0 = -2*z - 2*q - 0*q + 122, 2*z - q - 125 = 0. Suppose 12 = -5*d + z. Let x(w) = 3 + d - w - 12 - w. Determine x(2).
-3
Suppose 11 = -5*s + 1. Let z be 102 - (-1 + 13)/(-2). Let k(b) = -39*b**2 + z*b**2 + b**3 - 34*b**2 - 34*b**2 + 1 + 2*b. Calculate k(s).
-7
Let t(s) = -2*s + 2. Let m(f) = -5*f + 3. Let o(k) = 3*m(k) - 8*t(k). Let z = -115 + 120. Give o(z).
-2
Let r(g) = -g**3 - 5*g**2 - 3*g + 3. Let v be (-7)/147*9*-721. Let l = -313 + v. Calculate r(l).
-1
Let z(t) = 2*t**2 - 70*t - 236. Let h be z(38). Let k(q) = -q**3 - 9*q**2 - 8*q - 6. Give k(h).
-6
Suppose -2*a + 4*b = 2, b = -5*a + 2*b + 4. Let x be a/(-2) - (-13)/2. Let n = -8 + x. Let d(j) = -9*j. Give d(n).
18
Let h = -36 + 43. Let k(c) = -12 + 0*c + 12 + h*c. Let m(u) = -u. Let n(w) = k(w) + 14*m(w). Give n(-1).
7
Let y be (-7)/(6/(-12) - 0). Let w(z) = 7*z - 94. Give w(y).
4
Suppose -6*t + 34 = 4. Suppose t*q - 8*q + 3 = 0. Let r(g) = -4 - q - 7*g**2 - 2*g**3 + g**3. Determine r(-7).
-5
Suppose -2*r - 8 = -0*r. Let t(q) be the third derivative of q**4/24 - q**3/2 + q**2 + 1323*q. Give t(r).
-7
Let h(t) = -t**2 + 9820*t - 2*t**3 - t**2 + 9829*t - 19648*t. Calculate h(-2).
6
Let l(b) = -3*b**2 - 5*b + 2. Let m(y) = 11*y**2 + 15*y - 6. Let r(h) = 4*h - 186. Let j be r(46). Let a(q) = j*m(q) - 7*l(q). What is a(6)?
-8
Let w(c) = c**2 + 13*c - 7. Let r be 3/5 - (-11826)/(-810). What is w(r)?
7
Let h(g) = 43 - 48*g - 7 - 44*g + 146*g - 48*g. What is h(-9)?
-18
Let j(k) = k + 6. Let x(t) = t**3 - 7*t**2 + 3*t + 20. Let o be x(6). Let g be j(o). Let f(p) = p**3 - 7*p**2 - 9*p + 2. Give f(g).
-6
Let p(z) = z**2 + 2*z - 3. Suppose a = y - 12, 4*a - 27 = -y + 2*a. Let q = y - 21. Let h be p(q). Let m(o) = o**2 - 7*o - 1. Calculate m(h).
-11
Let n(w) = -w**2 - 9*w - 14. Let u be n(-4). Suppose -6*a + 7*a = -u. Let i(x) = -2*x - 6. Determine i(a).
6
Let b(v) be the first derivative of v**4/4 - 5*v**3 + 2*v**2 - 14*v + 441. Calculate b(15).
46
Let p(s) = -10*s**3 + 369*s**2 + 35*s + 89. Let f be p(37). Let j(q) = -q**2 + 12*q. Calculate j(f).
-45
Let q(b) = b**3 + 30*b**2 - 30. Let f(v) = 4*v**3 + 124*v**2 + 3*v - 121. Let a(i) = 4*f(i) - 17*q(i). Determine a(-14).
-142
Let g(q) = 2*q**2 + 3*q + 4. Suppose -67 = -23*x - 21. Let n be x/(-6) - 12/((-324)/(-45)). Determine g(n).
6
Suppose k + 9 = y, -6*y = -4*y - k - 14. Suppose -h = -5*f - 2*h + 25, -y*f + 10 = -2*h. Let a(r) = -f + 12*r - r**2 - 2 - 18*r. What is a(-4)?
2
Let g(x) = -4*x**3 - x**2 - 4*x - 3. Let r = -226 - -101. Let o = 123 + r. Determine g(o).
33
Let p be 34 + -60 + 25 + -4. Let z(a) = a**2 - 2*a - 14. Give z(p).
21
Let q be (-56)/210*(-9)/2*(-1 - 4). Let m(a) = -4*a - 29. Give m(q).
-5
Let b(l) = l**3 + 5*l**2 - 2*l + 5. Let u(n) = -2*n**3 - 16*n**2. Let o be u(-8). Suppose o*i + 20 = -4*i. What is b(i)?
15
Let h(v) be the second derivative of -v**4/2 + v**3/2 - v**2 - 584*v. Let q be 16/72 + 14/18. Determine h(q).
-5
Let a(s) = s**3 - 7*s**2 + 1. Let m be a(7). Let u(j) be the second derivative of 34*j + 11/20*j**5 + 1/6*j**4 + 0*j**3 + 0 - 1/2*j**2. Give u(m).
12
Let u(p) = p**2 + p + 1. Let y(n) = 2*n**2 + 2*n + 2. Let o(k) = 9*u(k) - 4*y(k). Let s(q) = q**3 - 2*q**2 - 2*q - 3. Let i(b) = 3*o(b) + s(b). Calculate i(-3).
-21
Suppose -4*r = f - 30, 4*f - 3*f - 38 = -5*r. Suppose -r*d - 12 = -2*d. Let m(l) = -2*l**2 - 2*l - 2. Determine m(d).
-6
Let z(s) = -s - 4. Let g = -9 + 10. Let y(w) = -w + 0*w**3 + 75 + 5*w**3 - 2*w**2 - 73. Let m be y(g). Give z(m).
-8
Let h(g) = -3*g**2 + 2*g + g**3 + 0*g**3 + g**3. Suppose -4*v + 0*q = 5*q - 92, 5*q = -v + 38. Suppose 7*j - v*j + 33 = 0. Calculate h(j).
33
Let t be (1 + 129/6)*2. Let a be (0 + -5)*(9 + (-387)/t). Let q(m) = -19*m + 1. What is q(a)?
39
Let a(m) = -m**3 - 14*m**2 - 15*m - 13. Let u(l) = -l**2 - 1. Let j(s) = -a(s) - u(s). Let v(x) = 2*x**3 - 36*x**2 - 73*x + 1300. Let d be v(18). What is j(d)?
0
Let k(o) = -o**3 + 8*o**2 - 9*o + 13. Suppose -3*x = -2*t + 20, 0 = -5*t - 2*x + 12. Suppose 4*y - 7*y = -4*v - 21, 2*y + t*v = 14. What is k(y)?
-1
Suppose 3*y + 3*k + 9 = 0, 2*y + 2*k = k - 1. Let r be ((-74)/3)/(-3 + 7/3). Let w(a) = 17*a + 2 + 18*a - r*a. Determine w(y).
-2
Let q(d) = -d - 7. Let l be (-1)/2 + 243/6. Suppose -t + 2*x = 6*x + 10, 4*t - 5*x = -l. Let c be (12/10)/(4/t). Determine q(c).
-4
Let l = 0 - -2. Let b(m) be the third derivative of 0 + 1/20*m**5 - 1/8*m**4 + 0*m**3 + 0*m - 73*m**2 - 1/120*m**6. Determine b(l).
-2
Let p be (1320/(-792))/(2 + 15/(-9)). Let t(x) = 7*x**2 + 7*x + 17. Calculate t(p).
157
Let z be (-6)/(-4)*-1*4. Let l be ((-15)/z)/(-5) - 162/(-12). Suppose -j = -3*q - 2*j - l, -16 = 5*q - 4*j. Let k(h) = -5*h - 1. Determine k(q).
19
Suppose 96 - 78 = 3*p. Let l(r) = 817*r + p*r**2 - 817*r - 1 - r**3. Determine l(6).
-1
Let f(i) = i**3 + 13*i**2 - 28*i + 32. Let v be f(-15). Let j(k) = 6 + k**3 - 6*k - 383*k**2 - 2 + 387*k**v. Calculate j(-6).
-32
Let k(r) = r + 7 + 85*r**2 + 85*r**2 + 4 - 169*r**2 - r**3. Let p = -1831 + 1831. Give k(p).
11
Let s(x) = 14*x**2 + 11. Let a(j) = 19*j**2 + 13. Let u(b) = -6*a(b) + 7*s(b). What is u(1)?
-17
Let h(f) = 3*f**3 + f**2 + 37. Let q(u) = 5*u**3 + 3*u**2 + u + 64. Let m(s) = 7*h(s) - 4*q(s). Let b = 18 + -13. Determine m(b).
-17
Let b(n) = -47*n**3 - 73*n**2 - 119*n - 139. Let q(v) = 27*v**3 + 39*v**2 + 59*v + 70. Let s(z) = -4*b(z) - 7*q(z). What is s(22)?
0
Let i be (-20)/(-5) + 4*-2 - -16. Let d(u) be the second derivative of -u**4/12 + 13*u**3/6 - 11*u**2/2 - 85*u. Give d(i).
1
Suppose 3*x + 3 = 3*w, -3*w + w - 2 = -3*x. Let b(r) = r**2 - 7*r + 13. Give b(w).
3
Let t(z) = z**2 - 11*z + 22. Suppose -5*i + 3*i + 7 + 7 = 0. What is t(i)?
-6
Suppose -4*n - 2*l - 78 = 46, -l = n + 28. Let t(i) = i**3 + 34*i**2 + 4. Calculate t(n).
4
Let h be 5 + -10 + (-240)/(-10 + 0). Let w(c) = 3*c**3 - 56*c**2 - 20*c + 20. Determine w(h).
1
Suppose -3*l - l - 20 = 0. Let o(j) = 8*j + 79. Let p(m) = -6*m - 57. Let u(x) = -7*o(x) - 10*p(x). Determine u(l).
-3
Let o(u) = -u**2 + u + 1. Suppose -w = 2*w - 12. Let a(j) = 5*j**2 + j + 4. Let q(k) = w*o(k) + a(k). Suppose y + 7 + 0 = 0. What is q(y)?
22
Suppose z + 3 = -2*v + 2*z, 2*z - 8 = 2*v. Let n(i) = i**2 + 444093707*i**3 + 0*i**2 - 444093705*i**3. What is n(v)?
3
Let w(g) = 5*g**2 - 11*g - 6. Suppose -22*p + 99 = 11*p. Let j(l) = 12*l**2 - 23*l - 11. Let t(a) = p*j(a) - 7*w(a). Determine t(-4).
-7
Let f(j) = -2*j**3 - j + 1. Let b be 1 + ((-942)/6 - -3). Let o = -151 - b. Determine f(o).
-17
Let h(n) = -n**3 + 2*n - 1. Let y be h(-2). Let v(l) = 212*l + 3*l**y - 2*l**3 - 424*l + 210*l. Determine v(2).
4
Let a(t) = 7*t + 7. Let v(n) = n - 1. Let r(y) = a(y) - 6*v(y). Let o be 5/2*(-96)/(-80). Suppose 6*s + 9 = 5*s - 3*q, -o*s - 2*q - 6 = 0. Give r(s).
13
Let k(f) be the third derivative of -f**6/720 + f**5/40 + 19*f**4/6 - 54*f**2. Let i(d) be the second derivative of k(d). Suppose 5*b = 44 - 9. Give i(b).
-4
Let g(m) be the first derivative of -14 + 4/3*m**3 + 1/4*m**4 - m**2 - 4*m. Calculate g(-3).
11
Let u = -2727 + 2728. Let n(p) = -12*p**2 - 5*p + 3. Calculate n(u).
-14
Let p(i) be the second derivative of i**5/20 + i**4/12 - 2*i**3/3 - 3*i**2/2 + 2*i - 112. Give p(4).
61
Let c(n) = -2*n**2 + 5*n + 3. Let m(i) = -i**2 + 2*i + 11. Let j be m(4). Suppose z = 3*r - 7, -j = r + z + 4*z. Suppose 1 = r*p - 9. What is c(p)?
-22
Let r(o) = 3*o**2 + 4*o - 1. Suppose -7*t - c + 7 = -3*t, 3*c = -5*t + 7. Let w(z) = 2*z**2. Let i(s)